r).
0
Let i = 20 - 9. Let f = 8 - i. Let m(w) be the third derivative of -w**4/6 - w**3/2 - 104525*w**2. Give m(f).
9
Let x = -9 + 14. Let o(i) = -i + 0*i**2 - 2 - i**3 + x*i**2 - 2*i**2. Suppose -482 = -151*g - 180. Give o(g).
0
Let w(g) = g**3 + 7*g**2 + 5*g + 3. Let o(p) = -p**3 + 41*p**2 + 87*p - 41. Let m be o(43). Suppose m*h + 21 = 3*t, -15 = 12*t - 17*t. What is w(h)?
9
Let p(r) = 3*r. Let q(w) = 14*w + 10. Let d(k) = -7*k - 5. Let x(b) = -7*d(b) - 4*q(b). Let s be x(-3). Let g be (15/6)/((-8)/s). Determine p(g).
-15
Let z(c) = -11*c**2 - 13*c - 311 - 313 + 632 + c**3. Give z(12).
-4
Let x = -16 - -15. Let n(h) = -h. Let d(b) = 2*b - 4. Let f(u) = x*d(u) - n(u). Suppose 18*z = 12*z + 42. Give f(z).
-3
Let x(h) be the second derivative of -h**3/6 + 4*h**2 - 129*h. Give x(0).
8
Let t(i) = i**2 - 9*i + 1. Let d(j) = -j**2 + 7*j - 3. Let k be d(3). Let c be t(k). Let u(z) = 5*z**2 + 93*z - z**2 + 3*z**2 - 1 - 30*z - 61*z. Give u(c).
8
Let n(f) = f**2 + 6*f + 5. Let h be ((-10)/(-15))/((-4)/(-30)) + 21. Suppose -h*w + 12 = -28*w. Give n(w).
5
Let a(m) = -3*m**3 + 17*m**2 + 10*m - 14. Let w(p) = -p**3 + 6*p**2 + 4*p - 5. Let c(l) = -3*a(l) + 8*w(l). Suppose 4*i - 8 + 0 = 0. Give c(i).
2
Let r(t) = t**2 - 11*t + 20. Suppose 30*y + 4*d - 80 = 21*y, 50 = 3*y - 2*d. Calculate r(y).
32
Let u(o) = o**3 + 6*o**2 + 11*o + 6. Let j be u(-4). Let q(w) be the third derivative of -w**5/30 - 11*w**4/24 + 2*w**3/3 - 396*w**2. Give q(j).
-2
Let s(b) = 98*b - 300. Let q be s(3). Let n(u) = -u**3 - 4*u**2 + 5*u - 7. Give n(q).
35
Let v = -2855 + 2859. Let d(u) = -u**2 - 17*u + 83. What is d(v)?
-1
Let z(d) be the third derivative of 1/24*d**4 + 0 - 1/40*d**6 + 1/60*d**5 - 75*d**2 + 0*d - 1/6*d**3. Give z(1).
-2
Let a(h) = h**3 + 7*h**2 - 10*h - 8. Suppose -5*r - 3*q - 58 = 0, -18 = 3*r + 19*q - 20*q. Determine a(r).
8
Let z(n) = -n**2 - 14*n - 47. Let l be z(-5). Let d(q) = 3*q**3 + q**2 - q + 3. What is d(l)?
-15
Let g(b) be the first derivative of b**3/3 - 7*b**2/2 + 8*b - 26. Let d be g(6). Let h(i) = -7*i**d - 9 - 270*i + i**3 + 270*i. Determine h(7).
-9
Let t = 15 - 3. Suppose 5*a = -2*v + t, -4*a + 3*v = 4*v - 12. Let g(c) = -10*c**3 - 10 + 9*c**3 + a*c - 4*c**2 + 5. Calculate g(-5).
0
Let u(a) = -2*a - 53. Suppose -4*n - 2*n - 658 + 514 = 0. What is u(n)?
-5
Let g(y) = -5 - 6 + 4 - y. Let x be (-9)/15 + 0 + (-13)/(-5). Suppose -x*f - 13 = -1. Calculate g(f).
-1
Let p = -4826 + 4840. Let c(d) = -d**3 + 14*d**2 + 4*d + 7. Give c(p).
63
Suppose 34 - 28 = 2*n. Suppose -4*o + 3*l + 33 = -0*l, 0 = -2*o - n*l + 3. Suppose -8*h - o = -11*h. Let z(m) = m**3 - 3*m**2 + 4*m - 2. Calculate z(h).
2
Let c = -7959 - -7961. Let f(v) = 5*v - 4. What is f(c)?
6
Let u(h) be the second derivative of -h**5/20 - 3*h**4/2 - 19*h**3/6 - 17*h**2 + 2608*h. Give u(-17).
0
Let v(k) = 7*k**3 + 3*k**2 - 12*k + 10. Let q be (((-138)/(-45))/23)/(4/30). Calculate v(q).
8
Let d(m) = m - 5. Let z(a) = -11*a + 29. Let k(h) = 39*h - 102. Suppose -i - 5*v + 5 = 3, -78 = 5*i + 3*v. Let f(g) = i*z(g) - 5*k(g). Let r be f(4). Give d(r).
-5
Let m(w) = w**2 - w - 1. Let u(o) = o**2 + 12*o - 5. Let b(r) = -r**2 - 11*r + 6. Let c(j) = 7*b(j) + 6*u(j). Let v(g) = -c(g) - 2*m(g). Calculate v(7).
-10
Let k = -200 + 358. Let a = -155 + k. Let h(w) = -w + 7. Calculate h(a).
4
Let k(q) = -2*q**2 + q - 1. Let w(l) = l**3 - 2*l**2 + 4*l - 20. Let x be w(3). Let n(j) = 5*j**2 - 3*j + 3. Let p(c) = x*n(c) + 2*k(c). Determine p(4).
13
Suppose -5*n + 6*n - 22 = -5*u, 3*n - 4*u - 9 = 0. Let d(v) = 7*v**2 + 8*v + 11. Let t(g) = 8*g**2 + 9*g + 13. Let r(l) = n*d(l) - 6*t(l). Determine r(1).
2
Let x be 19/4 - (-6)/24. Let h(s) = -x*s - s**2 + 1 + 1 - s. Suppose 2*g = 2*v - 4, -5*v - 63 = 5*g - 3. Give h(g).
-5
Let y(r) = 9*r - 76. Let s(v) = -27*v + 213. Let h(z) = 4*s(z) + 11*y(z). What is h(4)?
-20
Let i(p) = -145*p - 578. Let g(t) = 82*t + 289. Let q(j) = -7*g(j) - 4*i(j). Calculate q(-48).
1
Let i(u) = 2*u**2 - 5*u. Let x(t) = -12*t**2 + 27*t + 2. Let n(z) = -26*i(z) - 4*x(z). What is n(5)?
2
Let d(j) = -j**3 + 8*j**2 + j - 6. Suppose -11*q + 3 = 3*c - 15*q, 0 = -q. Let m be (c/2)/(-14*(-1)/224). Give d(m).
2
Let g(t) = -4*t + 10. Let f(w) = w**3 - 16*w**2 - 4*w + 76. Let a be f(16). Let x be (5/(45/a))/(20/60). Determine g(x).
-6
Let u(p) be the second derivative of 0 - 1/4*p**4 - 3/2*p**2 - 1/20*p**5 + 57*p - 1/2*p**3. Give u(-3).
6
Let p(d) be the third derivative of d**6/360 + d**5/60 - d**4/4 - 47*d**3/6 + 24*d**2 - 3*d. Let y(g) be the first derivative of p(g). Calculate y(-3).
-3
Let f(c) = -6*c - 36. Let p be (-15)/(-10)*(-11)/33*28. What is f(p)?
48
Let f(k) be the third derivative of -1/12*k**4 + 0*k - 3*k**2 - 7 - 7/2*k**3. What is f(-9)?
-3
Suppose 0 = i + 3*n - 9, 55*n - 87 = -3*i + 58*n. Let s(p) = p**3 - 23*p**2 - 14*p - 238. Give s(i).
2
Let j(v) = -v**2 - 6*v - 9. Let s(q) = 2*q**2 + 6*q + 15. Let b(m) = 3*j(m) + 2*s(m). Suppose u + 3*u = 2*p - 8, -3*p = -u - 12. Determine b(p).
-5
Suppose -2*n - 12 = -c, -23*c - 2*n - 8 = -25*c. Let o(f) = 2*f**2 + 16*f + 50. Give o(c).
18
Let a(b) = 2*b**3 + 25*b**2 + 12*b + 2. Suppose -5*d - 3*m = 75, -9 = 277*d - 275*d - 3*m. What is a(d)?
2
Let w(u) = -10 + 0*u**2 + 11 - 3*u + 2*u**2 + 6*u**2 - 7*u**2. Calculate w(2).
-1
Suppose -4*j = 2*q - 1156, -q + 5*q - 2312 = -j. Let v = q - 576. Let s(d) = 7*d - 3. Give s(v).
11
Suppose 53 = 3*s - 5*r, -s + 26*r = 25*r - 17. Let v(t) = 2*t**2 - 31*t + 16. Determine v(s).
32
Let h be (-20)/(-40) + (-1 - (-7)/(-2)). Let c(m) = 6*m + 2. Let p(f) = 6*f + 2. Let r(k) = -4*c(k) + 5*p(k). Determine r(h).
-22
Let v(b) = -4*b**3 + b**2 + b + 1. Let x(a) = -25*a**3 + 15*a**2 + 6*a + 10. Let m(j) = -6*v(j) + x(j). Calculate m(9).
4
Suppose 2*h = -4*h - 204. Let t = h - -33. Let s(m) be the first derivative of -14*m**3/3 - 2. Calculate s(t).
-14
Let f(n) = -27*n**2 - 2*n - 1. Let u be (-210)/1575 + (-13)/15. What is f(u)?
-26
Let n(b) be the third derivative of -b**5/15 + 11*b**4/6 + 43*b**3/6 - b**2 - b - 191. Determine n(12).
-5
Let w(t) = t**3 + t**2 + t. Let i(o) = -2*o**3 + 3*o**2 + 6*o + 3. Let x(g) = -i(g) - w(g). Suppose -1363 = 3*c - 1381. Give x(c).
27
Suppose -5*w = -112 + 22. Let u be w/8*8*4/(-12). Let q(f) = f**3 + 5*f**2 - 9*f - 6. What is q(u)?
12
Let m(b) = 4*b**3 - 11*b**2 + b - 7. Let k(y) = -7*y**3 + 21*y**2 + 9*y + 16. Let x(o) = -3*k(o) - 5*m(o). What is x(11)?
-2
Let l(r) be the third derivative of -1/60*r**5 - 1/4*r**4 + 67*r**2 + 5/3*r**3 + 0 + 0*r. Let a be (36/3)/(-2) - 1. Determine l(a).
3
Let r(u) = u**2 + 16*u + 44. Let g be (-84)/336*(52/(-6))/(1/(-6)). Determine r(g).
5
Let v = 16892 - 16896. Let l(t) = -2*t**2 - t - 9. Calculate l(v).
-37
Let n(r) = r**3 - 6*r**2 + 2*r + 5. Suppose z + o + 6 = 4, z - o = 6. Let i be 1*-1 - (0 - 4). Suppose i*m - 18 = -2*q, 5*m + 3*q - 23 = z*q. Give n(m).
-19
Let a(j) = 43*j**2 - 347*j + 12. Let s be a(8). Let w(p) = -2*p**2 - 25*p - 10. Give w(s).
2
Let f(o) be the second derivative of 80*o - o**2 - 1/12*o**4 + 3/2*o**3 + 0. Calculate f(6).
16
Let f = 97 - 103. Suppose 8*b = 5*b + 6. Let z(d) = 3*d**2 + 5 + 8*d + 0*d - b*d**2. Calculate z(f).
-7
Suppose -221*m = -225*m + 48. Let z be (40/m - 6)*3. Let q(o) = -o**3 - 7*o**2 + 11*o + 4. Give q(z).
-20
Let m(u) = 15*u - 219. Suppose -3*p + 2*j + 59 = 0, 18*p + j + 22 = 19*p. Calculate m(p).
6
Let u(z) = -z + 42 - 19 - 23. Let i(w) = -w + 2. Let t(c) = -i(c) + 2*u(c). Let m = -19 - -21. Determine t(m).
-4
Let a be 8/84 + (-498)/(-63). Suppose -5*f - 5 = v - a*f, -2*v + 3*f = 7. Let t(j) = -2*j + 4. Calculate t(v).
8
Let l(j) = 2*j**3 - 12*j**2 - 17*j + 17. Let t be l(7). Let u(v) = -4*v - v + 6*v - 1. Let r(f) = 8*f - 12. Let i(p) = -2*r(p) + 18*u(p). What is i(t)?
-2
Let o(i) = -7*i**2 + 11*i - 7. Let d(c) = 6*c**2 - 11*c + 11. Let l(p) = -6*d(p) - 5*o(p). Give l(7).
-3
Let k be ((-1)/(25/(-2)) + 68060/46125)*9. Let l(f) = -2*f**3 + 29*f**2 - 15*f + 38. Give l(k).
24
Let i(r) = r**2 + 4*r - 2. Suppose 294 = 3*a + 3*k, -2*a + 3*k + 101 + 100 = 0. Let j = -99 + a. Suppose j = -b - 6. What is i(b)?
10
Let t(j) = -3*j**2 + 3*j + 2. Let f(a) = 3*a**2 - 2*a - 1. Let s(k) = 3*f(k) + 2*t(k). Let p = 4863 + -4865. Give s(p).
13
Let k(h) = 2489 - 7402 - h**2 + 2453 + 2452 - h. Let y(o) = -o. Let p be y(-6). Suppose